{"id":537,"date":"2022-07-15T10:57:50","date_gmt":"2022-07-15T10:57:50","guid":{"rendered":"https:\/\/zdepot-dz.com\/?post_type=product&#038;p=537"},"modified":"2023-04-09T10:04:25","modified_gmt":"2023-04-09T09:04:25","slug":"meuleuse-makita","status":"publish","type":"product","link":"https:\/\/zdepot-dz.com\/?product=meuleuse-makita","title":{"rendered":"Meuleuse makita"},"content":{"rendered":"<p>-Nouveau format de t\u00eate plus robuste et durable.<br \/>\n-Protection contre la perte de graisse asi comme contre les poussi\u00e8res torca avec joint \u00e0 la t\u00eate de l\u2019axe et induit un<br \/>\nPoign\u00e9e anti d\u00e9rapant pour plus de contr\u00f4le et comfor de l\u2019outil.<br \/>\n-Interrupteur grand pour le revendre manejarlo facilement et fonctionner avec des doigts<br \/>\n-Poign\u00e9e arri\u00e8re 180\u00ba. r\u00e9glable avec joint anti-vibrations moteur et entre Poign\u00e9e arri\u00e8re puissance : 2 600 W Vitesse \u00e0 vide 6 600 tours\/min diam\u00e8tre du disque : 230 mm de filetage M14 6 Broche Poids 7 kg Protection du disque Poign\u00e9e lat\u00e9rale de flasque Fixation.<\/p>\n","protected":false},"excerpt":{"rendered":"<p>-Nouveau format de t\u00eate plus robuste et durable. -Protection contre la perte de graisse asi comme contre les poussi\u00e8res torca avec joint \u00e0 la t\u00eate de l\u2019axe et induit un Poign\u00e9e anti d\u00e9rapant pour plus de contr\u00f4le et comfor de l\u2019outil. -Interrupteur grand pour le revendre manejarlo facilement et fonctionner avec des doigts -Poign\u00e9e arri\u00e8re &hellip;<\/p>\n<p class=\"read-more\"> <a class=\"\" href=\"https:\/\/zdepot-dz.com\/?product=meuleuse-makita\"> <span class=\"screen-reader-text\">Meuleuse makita<\/span> Lire la suite\u00a0\u00bb<\/a><\/p>\n","protected":false},"featured_media":974,"comment_status":"closed","ping_status":"closed","template":"","meta":{"site-sidebar-layout":"default","site-content-layout":"default","ast-global-header-display":"","ast-banner-title-visibility":"","ast-main-header-display":"","ast-hfb-above-header-display":"","ast-hfb-below-header-display":"","ast-hfb-mobile-header-display":"","site-post-title":"","ast-breadcrumbs-content":"","ast-featured-img":"","footer-sml-layout":"","theme-transparent-header-meta":"default","adv-header-id-meta":"","stick-header-meta":"","header-above-stick-meta":"","header-main-stick-meta":"","header-below-stick-meta":""},"product_cat":[53],"product_tag":[54],"jetpack_sharing_enabled":true,"_links":{"self":[{"href":"https:\/\/zdepot-dz.com\/index.php?rest_route=\/wp\/v2\/product\/537"}],"collection":[{"href":"https:\/\/zdepot-dz.com\/index.php?rest_route=\/wp\/v2\/product"}],"about":[{"href":"https:\/\/zdepot-dz.com\/index.php?rest_route=\/wp\/v2\/types\/product"}],"replies":[{"embeddable":true,"href":"https:\/\/zdepot-dz.com\/index.php?rest_route=%2Fwp%2Fv2%2Fcomments&post=537"}],"wp:featuredmedia":[{"embeddable":true,"href":"https:\/\/zdepot-dz.com\/index.php?rest_route=\/wp\/v2\/media\/974"}],"wp:attachment":[{"href":"https:\/\/zdepot-dz.com\/index.php?rest_route=%2Fwp%2Fv2%2Fmedia&parent=537"}],"wp:term":[{"taxonomy":"product_cat","embeddable":true,"href":"https:\/\/zdepot-dz.com\/index.php?rest_route=%2Fwp%2Fv2%2Fproduct_cat&post=537"},{"taxonomy":"product_tag","embeddable":true,"href":"https:\/\/zdepot-dz.com\/index.php?rest_route=%2Fwp%2Fv2%2Fproduct_tag&post=537"}],"curies":[{"name":"wp","href":"https:\/\/api.w.org\/{rel}","templated":true}]}}