{"id":1582,"date":"2023-03-11T14:35:34","date_gmt":"2023-03-11T13:35:34","guid":{"rendered":"https:\/\/zdepot-dz.com\/?post_type=product&#038;p=1582"},"modified":"2023-04-09T09:41:57","modified_gmt":"2023-04-09T08:41:57","slug":"volpi-kv220-secqteur-electriques-avec-batterie-integree","status":"publish","type":"product","link":"https:\/\/zdepot-dz.com\/?product=volpi-kv220-secqteur-electriques-avec-batterie-integree","title":{"rendered":"Volpi KV220 &#8211; S\u00e9cateur \u00e9lectriques avec batterie int\u00e9gr\u00e9e"},"content":{"rendered":"<h3><\/h3>\n<h3>\u00a0Volpi KV220 &#8211; S\u00e9cqteur \u00e9lectriques avec batterie int\u00e9gr\u00e9e<\/h3>\n<p>Les <strong>s\u00e9cateurs \u00e9lectriques Volpi KV220<\/strong> sont des s\u00e9cateurs tr\u00e8s <strong>puissants et robustes<\/strong> <strong>con\u00e7us pour le jardinage<\/strong> , excellents pour faciliter la coupe de <strong>petits<\/strong> <strong>arbustes tels que les arbres fruitiers<\/strong> et les <strong>plantes ornementales<\/strong> en automatisant la force utilis\u00e9e en fonction du type de coupe \u00e0 effectuer.<\/p>\n<p>Les <strong>ciseaux \u00e0 batterie Volpi<\/strong> sont le remplacement parfait des ciseaux manuels classiques, garantissant un travail <strong>sans fatigue<\/strong> , mais avec d&rsquo;excellents r\u00e9sultats, <strong>en toute autonomie<\/strong> \u00e9galement gr\u00e2ce \u00e0 la capacit\u00e9 de <strong>m\u00e9morisation automatique<\/strong> de <strong>deux positions d&rsquo;ouverture<\/strong> des lames.<\/p>\n<p>La <strong>batterie rechargeable int\u00e9gr\u00e9e<\/strong> garantit de <strong>2 \u00e0 4 heures d&rsquo;autonomie<\/strong> selon le type d&rsquo;utilisation et gr\u00e2ce \u00e0 la technologie <strong>de veille automatique<\/strong> en cas d&rsquo;inactivit\u00e9, la dur\u00e9e de vie de la batterie devient encore plus longue.<\/p>\n<p><img decoding=\"async\" class=\"uno\" src=\"https:\/\/indors.it\/images\/Volpi\/Forbici\/Volpi-KV220\/descrizione.jpg\" alt=\"Cisailles \u00e9lectroniques \u00e0 batterie Volpi KV220\" width=\"800\" \/><\/p>\n<p>Les lames de ces <strong>s\u00e9cateurs \u00e9lectroniques<\/strong> sont en <strong>acier<\/strong> pour assurer <strong>solidit\u00e9 et r\u00e9sistance<\/strong> lors de la coupe et ont une <strong>ouverture de 22 mm<\/strong> devenant les meilleurs alli\u00e9s pour couper les petites branches et le feuillage. Les <strong>Steel Blades<\/strong> peuvent \u00eatre <strong>m\u00e9moris\u00e9es<\/strong> par les ciseaux dans <strong>deux positions diff\u00e9rentes<\/strong> en passant d&rsquo;un mode \u00e0 l&rsquo;autre rapidement selon le type de branche devant vous.<\/p>\n<p>Gr\u00e2ce \u00e0 leur <strong>poids minimum de seulement 0,74 kg<\/strong> , ils vous permettent de travailler sans effort de mani\u00e8re confortable et s\u00fbre \u00e9galement gr\u00e2ce \u00e0 la <strong>poign\u00e9e caoutchout\u00e9e ergonomique<\/strong> . L&rsquo; <strong>indicateur de charge color\u00e9<\/strong> vous permet de comprendre l&rsquo;\u00e9tat de la batterie en un coup d&rsquo;\u0153il, m\u00eame pendant le travail, vous permettant de toujours garder le niveau de charge sous contr\u00f4le.<\/p>\n<p>Sur les <strong>ciseaux automatiques<\/strong> , il y a aussi une <strong>lumi\u00e8re LED<\/strong> pour \u00e9clairer la zone de travail.<\/p>\n<p>La batterie de ces <strong>ciseaux Volpi KV220<\/strong> est une <strong>batterie au lithium<\/strong> de 7,2 V &#8211; 4,0 Ah et peut \u00eatre charg\u00e9e via le <strong>c\u00e2ble USB-C fourni<\/strong> ; cela permet d&rsquo;\u00e9viter les c\u00e2bles reli\u00e9s aux ciseaux pendant le travail, condition qui autrement rendrait l&rsquo;\u00e9lagage complexe et inconfortable.<\/p>\n","protected":false},"excerpt":{"rendered":"<p>\u00a0Volpi KV220 &#8211; S\u00e9cqteur \u00e9lectriques avec batterie int\u00e9gr\u00e9e Les s\u00e9cateurs \u00e9lectriques Volpi KV220 sont des s\u00e9cateurs tr\u00e8s puissants et robustes con\u00e7us pour le jardinage , excellents pour faciliter la coupe de petits arbustes tels que les arbres fruitiers et les plantes ornementales en automatisant la force utilis\u00e9e en fonction du type de coupe \u00e0 effectuer. &hellip;<\/p>\n<p class=\"read-more\"> <a class=\"\" href=\"https:\/\/zdepot-dz.com\/?product=volpi-kv220-secqteur-electriques-avec-batterie-integree\"> <span class=\"screen-reader-text\">Volpi KV220 &#8211; S\u00e9cateur \u00e9lectriques avec batterie int\u00e9gr\u00e9e<\/span> Lire la suite\u00a0\u00bb<\/a><\/p>\n","protected":false},"featured_media":1581,"comment_status":"open","ping_status":"closed","template":"","meta":{"site-sidebar-layout":"default","site-content-layout":"default","ast-global-header-display":"","ast-banner-title-visibility":"","ast-main-header-display":"","ast-hfb-above-header-display":"","ast-hfb-below-header-display":"","ast-hfb-mobile-header-display":"","site-post-title":"","ast-breadcrumbs-content":"","ast-featured-img":"","footer-sml-layout":"","theme-transparent-header-meta":"default","adv-header-id-meta":"","stick-header-meta":"","header-above-stick-meta":"","header-main-stick-meta":"","header-below-stick-meta":""},"product_cat":[212,53],"product_tag":[213,214],"jetpack_sharing_enabled":true,"_links":{"self":[{"href":"https:\/\/zdepot-dz.com\/index.php?rest_route=\/wp\/v2\/product\/1582"}],"collection":[{"href":"https:\/\/zdepot-dz.com\/index.php?rest_route=\/wp\/v2\/product"}],"about":[{"href":"https:\/\/zdepot-dz.com\/index.php?rest_route=\/wp\/v2\/types\/product"}],"replies":[{"embeddable":true,"href":"https:\/\/zdepot-dz.com\/index.php?rest_route=%2Fwp%2Fv2%2Fcomments&post=1582"}],"wp:featuredmedia":[{"embeddable":true,"href":"https:\/\/zdepot-dz.com\/index.php?rest_route=\/wp\/v2\/media\/1581"}],"wp:attachment":[{"href":"https:\/\/zdepot-dz.com\/index.php?rest_route=%2Fwp%2Fv2%2Fmedia&parent=1582"}],"wp:term":[{"taxonomy":"product_cat","embeddable":true,"href":"https:\/\/zdepot-dz.com\/index.php?rest_route=%2Fwp%2Fv2%2Fproduct_cat&post=1582"},{"taxonomy":"product_tag","embeddable":true,"href":"https:\/\/zdepot-dz.com\/index.php?rest_route=%2Fwp%2Fv2%2Fproduct_tag&post=1582"}],"curies":[{"name":"wp","href":"https:\/\/api.w.org\/{rel}","templated":true}]}}