{"id":1506,"date":"2022-12-17T14:55:35","date_gmt":"2022-12-17T13:55:35","guid":{"rendered":"https:\/\/zdepot-dz.com\/?post_type=product&#038;p=1506"},"modified":"2023-06-09T15:57:15","modified_gmt":"2023-06-09T14:57:15","slug":"ingco-marteau-perforateur-650w","status":"publish","type":"product","link":"https:\/\/zdepot-dz.com\/?product=ingco-marteau-perforateur-650w","title":{"rendered":"INGCO Marteau Perforateur 650W"},"content":{"rendered":"<h3>INGCO Marteau Perforateur 650W<\/h3>\n<ul>\n<li>Tension d\u2019alimentation : 220-240V ~ 50-60Hz<\/li>\n<li>Puissance 650 Watts<\/li>\n<li>Vitesse \u00e0 vide 3000rpm<\/li>\n<li>Fr\u00e9quence de frappe 48000<\/li>\n<li>Capacit\u00e9 de per\u00e7age 13mm<\/li>\n<\/ul>\n","protected":false},"excerpt":{"rendered":"<p>INGCO Marteau Perforateur 650W Tension d\u2019alimentation : 220-240V ~ 50-60Hz Puissance 650 Watts Vitesse \u00e0 vide 3000rpm Fr\u00e9quence de frappe 48000 Capacit\u00e9 de per\u00e7age 13mm<\/p>\n","protected":false},"featured_media":1509,"comment_status":"closed","ping_status":"closed","template":"","meta":{"site-sidebar-layout":"default","site-content-layout":"default","ast-global-header-display":"","ast-banner-title-visibility":"","ast-main-header-display":"","ast-hfb-above-header-display":"","ast-hfb-below-header-display":"","ast-hfb-mobile-header-display":"","site-post-title":"","ast-breadcrumbs-content":"","ast-featured-img":"","footer-sml-layout":"","theme-transparent-header-meta":"default","adv-header-id-meta":"","stick-header-meta":"","header-above-stick-meta":"","header-main-stick-meta":"","header-below-stick-meta":""},"product_cat":[53],"product_tag":[173,190,140],"jetpack_sharing_enabled":true,"_links":{"self":[{"href":"https:\/\/zdepot-dz.com\/index.php?rest_route=\/wp\/v2\/product\/1506"}],"collection":[{"href":"https:\/\/zdepot-dz.com\/index.php?rest_route=\/wp\/v2\/product"}],"about":[{"href":"https:\/\/zdepot-dz.com\/index.php?rest_route=\/wp\/v2\/types\/product"}],"replies":[{"embeddable":true,"href":"https:\/\/zdepot-dz.com\/index.php?rest_route=%2Fwp%2Fv2%2Fcomments&post=1506"}],"wp:featuredmedia":[{"embeddable":true,"href":"https:\/\/zdepot-dz.com\/index.php?rest_route=\/wp\/v2\/media\/1509"}],"wp:attachment":[{"href":"https:\/\/zdepot-dz.com\/index.php?rest_route=%2Fwp%2Fv2%2Fmedia&parent=1506"}],"wp:term":[{"taxonomy":"product_cat","embeddable":true,"href":"https:\/\/zdepot-dz.com\/index.php?rest_route=%2Fwp%2Fv2%2Fproduct_cat&post=1506"},{"taxonomy":"product_tag","embeddable":true,"href":"https:\/\/zdepot-dz.com\/index.php?rest_route=%2Fwp%2Fv2%2Fproduct_tag&post=1506"}],"curies":[{"name":"wp","href":"https:\/\/api.w.org\/{rel}","templated":true}]}}