{"id":1430,"date":"2022-12-11T09:04:15","date_gmt":"2022-12-11T08:04:15","guid":{"rendered":"https:\/\/zdepot-dz.com\/?post_type=product&#038;p=1430"},"modified":"2023-06-10T09:08:21","modified_gmt":"2023-06-10T08:08:21","slug":"souffleur-electrique-orca-600w-800w-q1b-2-8-ebr134","status":"publish","type":"product","link":"https:\/\/zdepot-dz.com\/?product=souffleur-electrique-orca-600w-800w-q1b-2-8-ebr134","title":{"rendered":"Souffleur \u00c9lectrique Orca 600W\/800W Q1B-2.8\/EBR134"},"content":{"rendered":"<h3>Souffleur \u00c9lectrique Orca 600W\/800W Q1B-2.8\/EBR134<\/h3>\n<ul>\n<li>Design professionnel avec fonction de soufflage et de succion<\/li>\n<li>Corps en plastique de haute qualit\u00e9, ventilateur puissant<\/li>\n<li>Poign\u00e9e D-Type pour une utilisation facile<\/li>\n<li>Bouton variateur de vitesse simple \u00e0 utiliser<\/li>\n<\/ul>\n","protected":false},"excerpt":{"rendered":"<p>Souffleur \u00c9lectrique Orca 600W\/800W Q1B-2.8\/EBR134 Design professionnel avec fonction de soufflage et de succion Corps en plastique de haute qualit\u00e9, ventilateur puissant Poign\u00e9e D-Type pour une utilisation facile Bouton variateur de vitesse simple \u00e0 utiliser<\/p>\n","protected":false},"featured_media":1435,"comment_status":"closed","ping_status":"closed","template":"","meta":{"site-sidebar-layout":"default","site-content-layout":"default","ast-global-header-display":"","ast-banner-title-visibility":"","ast-main-header-display":"","ast-hfb-above-header-display":"","ast-hfb-below-header-display":"","ast-hfb-mobile-header-display":"","site-post-title":"","ast-breadcrumbs-content":"","ast-featured-img":"","footer-sml-layout":"","theme-transparent-header-meta":"default","adv-header-id-meta":"","stick-header-meta":"","header-above-stick-meta":"","header-main-stick-meta":"","header-below-stick-meta":""},"product_cat":[53],"product_tag":[126,98,150,151,97],"jetpack_sharing_enabled":true,"_links":{"self":[{"href":"https:\/\/zdepot-dz.com\/index.php?rest_route=\/wp\/v2\/product\/1430"}],"collection":[{"href":"https:\/\/zdepot-dz.com\/index.php?rest_route=\/wp\/v2\/product"}],"about":[{"href":"https:\/\/zdepot-dz.com\/index.php?rest_route=\/wp\/v2\/types\/product"}],"replies":[{"embeddable":true,"href":"https:\/\/zdepot-dz.com\/index.php?rest_route=%2Fwp%2Fv2%2Fcomments&post=1430"}],"wp:featuredmedia":[{"embeddable":true,"href":"https:\/\/zdepot-dz.com\/index.php?rest_route=\/wp\/v2\/media\/1435"}],"wp:attachment":[{"href":"https:\/\/zdepot-dz.com\/index.php?rest_route=%2Fwp%2Fv2%2Fmedia&parent=1430"}],"wp:term":[{"taxonomy":"product_cat","embeddable":true,"href":"https:\/\/zdepot-dz.com\/index.php?rest_route=%2Fwp%2Fv2%2Fproduct_cat&post=1430"},{"taxonomy":"product_tag","embeddable":true,"href":"https:\/\/zdepot-dz.com\/index.php?rest_route=%2Fwp%2Fv2%2Fproduct_tag&post=1430"}],"curies":[{"name":"wp","href":"https:\/\/api.w.org\/{rel}","templated":true}]}}