{"id":1369,"date":"2022-12-06T11:10:09","date_gmt":"2022-12-06T10:10:09","guid":{"rendered":"https:\/\/zdepot-dz.com\/?post_type=product&#038;p=1369"},"modified":"2023-04-09T11:09:10","modified_gmt":"2023-04-09T10:09:10","slug":"visseuse-orca-14v-double-batterie-cd314","status":"publish","type":"product","link":"https:\/\/zdepot-dz.com\/?product=visseuse-orca-14v-double-batterie-cd314","title":{"rendered":"Visseuse Orca 14V Double Batterie CD314"},"content":{"rendered":"<h3>Visseuse Orca 14V Double Batterie CD314<\/h3>\n<div id=\"tab-description\" class=\"woocommerce-Tabs-panel woocommerce-Tabs-panel--description panel entry-content wc-tab\">\n<div class=\"wc-tab-inner \">\n<div class=\"\">\n<ul>\n<li>\u00a0Visseuse perceuse ORCA 12v<\/li>\n<li>Facile \u00e0 transporter et \u00e0 utiliser.<\/li>\n<li>Poign\u00e9e confortable et ne glisse pas.<\/li>\n<li>Votre puissant moteur vous fait gagner du temps et des efforts.<\/li>\n<li>Travaux d\u2019installation ou de d\u00e9montage<\/li>\n<\/ul>\n<p>Livr\u00e9 Avec:<br \/>\nVisseuse Orca 12V<br \/>\nDeux Batterie Orca 12V LI-Ion<br \/>\nUn Chargeur De Batterie<br \/>\nUn Embouts (Sens+\/Sens Plat &#8211; )<\/p>\n<\/div>\n<\/div>\n<\/div>\n","protected":false},"excerpt":{"rendered":"<p>Visseuse Orca 14V Double Batterie CD314 \u00a0Visseuse perceuse ORCA 12v Facile \u00e0 transporter et \u00e0 utiliser. Poign\u00e9e confortable et ne glisse pas. Votre puissant moteur vous fait gagner du temps et des efforts. Travaux d\u2019installation ou de d\u00e9montage Livr\u00e9 Avec: Visseuse Orca 12V Deux Batterie Orca 12V LI-Ion Un Chargeur De Batterie Un Embouts (Sens+\/Sens &hellip;<\/p>\n<p class=\"read-more\"> <a class=\"\" href=\"https:\/\/zdepot-dz.com\/?product=visseuse-orca-14v-double-batterie-cd314\"> <span class=\"screen-reader-text\">Visseuse Orca 14V Double Batterie CD314<\/span> Lire la suite\u00a0\u00bb<\/a><\/p>\n","protected":false},"featured_media":1370,"comment_status":"closed","ping_status":"closed","template":"","meta":{"site-sidebar-layout":"default","site-content-layout":"default","ast-global-header-display":"","ast-banner-title-visibility":"","ast-main-header-display":"","ast-hfb-above-header-display":"","ast-hfb-below-header-display":"","ast-hfb-mobile-header-display":"","site-post-title":"","ast-breadcrumbs-content":"","ast-featured-img":"","footer-sml-layout":"","theme-transparent-header-meta":"default","adv-header-id-meta":"","stick-header-meta":"","header-above-stick-meta":"","header-main-stick-meta":"","header-below-stick-meta":""},"product_cat":[53],"product_tag":[126,100,131,130],"jetpack_sharing_enabled":true,"_links":{"self":[{"href":"https:\/\/zdepot-dz.com\/index.php?rest_route=\/wp\/v2\/product\/1369"}],"collection":[{"href":"https:\/\/zdepot-dz.com\/index.php?rest_route=\/wp\/v2\/product"}],"about":[{"href":"https:\/\/zdepot-dz.com\/index.php?rest_route=\/wp\/v2\/types\/product"}],"replies":[{"embeddable":true,"href":"https:\/\/zdepot-dz.com\/index.php?rest_route=%2Fwp%2Fv2%2Fcomments&post=1369"}],"wp:featuredmedia":[{"embeddable":true,"href":"https:\/\/zdepot-dz.com\/index.php?rest_route=\/wp\/v2\/media\/1370"}],"wp:attachment":[{"href":"https:\/\/zdepot-dz.com\/index.php?rest_route=%2Fwp%2Fv2%2Fmedia&parent=1369"}],"wp:term":[{"taxonomy":"product_cat","embeddable":true,"href":"https:\/\/zdepot-dz.com\/index.php?rest_route=%2Fwp%2Fv2%2Fproduct_cat&post=1369"},{"taxonomy":"product_tag","embeddable":true,"href":"https:\/\/zdepot-dz.com\/index.php?rest_route=%2Fwp%2Fv2%2Fproduct_tag&post=1369"}],"curies":[{"name":"wp","href":"https:\/\/api.w.org\/{rel}","templated":true}]}}