{"id":1363,"date":"2022-12-06T10:41:28","date_gmt":"2022-12-06T09:41:28","guid":{"rendered":"https:\/\/zdepot-dz.com\/?post_type=product&#038;p=1363"},"modified":"2023-04-09T11:09:28","modified_gmt":"2023-04-09T10:09:28","slug":"visseuse-orca-12v-li-ion-cd317-cd325","status":"publish","type":"product","link":"https:\/\/zdepot-dz.com\/?product=visseuse-orca-12v-li-ion-cd317-cd325","title":{"rendered":"Visseuse Orca 12V Li-Ion CD317\/CD325"},"content":{"rendered":"<h3>Visseuse Orca 12V Li-Ion CD317\/CD325<\/h3>\n<div id=\"tab-description\" class=\"woocommerce-Tabs-panel woocommerce-Tabs-panel--description panel entry-content wc-tab\">\n<div class=\"wc-tab-inner \">\n<div class=\"\">\n<ul>\n<li>\u00a0Visseuse perceuse ORCA 12v<\/li>\n<li>Facile \u00e0 transporter et \u00e0 utiliser.<\/li>\n<li>Poign\u00e9e confortable et ne glisse pas.<\/li>\n<li>Votre puissant moteur vous fait gagner du temps et des efforts.<\/li>\n<li>Travaux d\u2019installation ou de d\u00e9montage<\/li>\n<\/ul>\n<div><\/div>\n<\/div>\n<\/div>\n<\/div>\n","protected":false},"excerpt":{"rendered":"<p>Visseuse Orca 12V Li-Ion CD317\/CD325 \u00a0Visseuse perceuse ORCA 12v Facile \u00e0 transporter et \u00e0 utiliser. Poign\u00e9e confortable et ne glisse pas. Votre puissant moteur vous fait gagner du temps et des efforts. Travaux d\u2019installation ou de d\u00e9montage<\/p>\n","protected":false},"featured_media":1368,"comment_status":"closed","ping_status":"closed","template":"","meta":{"site-sidebar-layout":"default","site-content-layout":"default","ast-global-header-display":"","ast-banner-title-visibility":"","ast-main-header-display":"","ast-hfb-above-header-display":"","ast-hfb-below-header-display":"","ast-hfb-mobile-header-display":"","site-post-title":"","ast-breadcrumbs-content":"","ast-featured-img":"","footer-sml-layout":"","theme-transparent-header-meta":"default","adv-header-id-meta":"","stick-header-meta":"","header-above-stick-meta":"","header-main-stick-meta":"","header-below-stick-meta":""},"product_cat":[53],"product_tag":[126,100,129,130],"jetpack_sharing_enabled":true,"_links":{"self":[{"href":"https:\/\/zdepot-dz.com\/index.php?rest_route=\/wp\/v2\/product\/1363"}],"collection":[{"href":"https:\/\/zdepot-dz.com\/index.php?rest_route=\/wp\/v2\/product"}],"about":[{"href":"https:\/\/zdepot-dz.com\/index.php?rest_route=\/wp\/v2\/types\/product"}],"replies":[{"embeddable":true,"href":"https:\/\/zdepot-dz.com\/index.php?rest_route=%2Fwp%2Fv2%2Fcomments&post=1363"}],"wp:featuredmedia":[{"embeddable":true,"href":"https:\/\/zdepot-dz.com\/index.php?rest_route=\/wp\/v2\/media\/1368"}],"wp:attachment":[{"href":"https:\/\/zdepot-dz.com\/index.php?rest_route=%2Fwp%2Fv2%2Fmedia&parent=1363"}],"wp:term":[{"taxonomy":"product_cat","embeddable":true,"href":"https:\/\/zdepot-dz.com\/index.php?rest_route=%2Fwp%2Fv2%2Fproduct_cat&post=1363"},{"taxonomy":"product_tag","embeddable":true,"href":"https:\/\/zdepot-dz.com\/index.php?rest_route=%2Fwp%2Fv2%2Fproduct_tag&post=1363"}],"curies":[{"name":"wp","href":"https:\/\/api.w.org\/{rel}","templated":true}]}}