{"id":1341,"date":"2022-12-04T16:27:27","date_gmt":"2022-12-04T15:27:27","guid":{"rendered":"https:\/\/zdepot-dz.com\/?post_type=product&#038;p=1341"},"modified":"2023-04-09T11:11:37","modified_gmt":"2023-04-09T10:11:37","slug":"bosch-meuleuse-230mm-gsw2000-gsw26-230b","status":"publish","type":"product","link":"https:\/\/zdepot-dz.com\/?product=bosch-meuleuse-230mm-gsw2000-gsw26-230b","title":{"rendered":"BOSCH Meuleuse 230mm GSW2000\/GSW26-230B"},"content":{"rendered":"<h3>BOSCH Meuleuse 230mm GSW2000\/GSW26-230B<\/h3>\n<ul class=\"product-detail-stage__list a-list\">\n<li>Faibles co\u00fbts d&rsquo;utilisation<\/li>\n<li>Dur\u00e9e de vie plus longue des pi\u00e8ces critiques<\/li>\n<li>Risque de panne r\u00e9duit<\/li>\n<li>Pi\u00e8ces d\u00e9tach\u00e9es facilement disponibles<\/li>\n<\/ul>\n","protected":false},"excerpt":{"rendered":"<p>BOSCH Meuleuse 230mm GSW2000\/GSW26-230B Faibles co\u00fbts d&rsquo;utilisation Dur\u00e9e de vie plus longue des pi\u00e8ces critiques Risque de panne r\u00e9duit Pi\u00e8ces d\u00e9tach\u00e9es facilement disponibles<\/p>\n","protected":false},"featured_media":1342,"comment_status":"closed","ping_status":"closed","template":"","meta":{"site-sidebar-layout":"default","site-content-layout":"default","ast-global-header-display":"","ast-banner-title-visibility":"","ast-main-header-display":"","ast-hfb-above-header-display":"","ast-hfb-below-header-display":"","ast-hfb-mobile-header-display":"","site-post-title":"","ast-breadcrumbs-content":"","ast-featured-img":"","footer-sml-layout":"","theme-transparent-header-meta":"default","adv-header-id-meta":"","stick-header-meta":"","header-above-stick-meta":"","header-main-stick-meta":"","header-below-stick-meta":""},"product_cat":[53],"product_tag":[118,106,30,123],"jetpack_sharing_enabled":true,"_links":{"self":[{"href":"https:\/\/zdepot-dz.com\/index.php?rest_route=\/wp\/v2\/product\/1341"}],"collection":[{"href":"https:\/\/zdepot-dz.com\/index.php?rest_route=\/wp\/v2\/product"}],"about":[{"href":"https:\/\/zdepot-dz.com\/index.php?rest_route=\/wp\/v2\/types\/product"}],"replies":[{"embeddable":true,"href":"https:\/\/zdepot-dz.com\/index.php?rest_route=%2Fwp%2Fv2%2Fcomments&post=1341"}],"wp:featuredmedia":[{"embeddable":true,"href":"https:\/\/zdepot-dz.com\/index.php?rest_route=\/wp\/v2\/media\/1342"}],"wp:attachment":[{"href":"https:\/\/zdepot-dz.com\/index.php?rest_route=%2Fwp%2Fv2%2Fmedia&parent=1341"}],"wp:term":[{"taxonomy":"product_cat","embeddable":true,"href":"https:\/\/zdepot-dz.com\/index.php?rest_route=%2Fwp%2Fv2%2Fproduct_cat&post=1341"},{"taxonomy":"product_tag","embeddable":true,"href":"https:\/\/zdepot-dz.com\/index.php?rest_route=%2Fwp%2Fv2%2Fproduct_tag&post=1341"}],"curies":[{"name":"wp","href":"https:\/\/api.w.org\/{rel}","templated":true}]}}