{"id":1320,"date":"2022-12-04T11:28:55","date_gmt":"2022-12-04T10:28:55","guid":{"rendered":"https:\/\/zdepot-dz.com\/?post_type=product&#038;p=1320"},"modified":"2023-04-09T10:59:19","modified_gmt":"2023-04-09T09:59:19","slug":"bosch-perseuse-a-percussion-gsb570-570w-13mm","status":"publish","type":"product","link":"https:\/\/zdepot-dz.com\/?product=bosch-perseuse-a-percussion-gsb570-570w-13mm","title":{"rendered":"BOSCH Perseuse A Percussion GSB570 570W 13mm"},"content":{"rendered":"<h3>BOSCH Perseuse A Percussion GSB570 570W 13mm<\/h3>\n<ul class=\"product-detail-stage__list a-list\">\n<li>Qualit\u00e9 Bosch abordable : remplacez votre outil sans nom par un outil Bosch sans vous ruiner.<\/li>\n<li>Performance \u00e9lev\u00e9e : puissant moteur de 570 W permettant de percer avec facilit\u00e9 des trous de Diam\u00e8tre 10 mm dans l\u2019acier et Diam\u00e8tre 13 mm dans la ma\u00e7onnerie.<\/li>\n<li>Long\u00e9vit\u00e9 accrue : perceuse \u00e0 percussion fiable et abordable avec mandrin robuste en m\u00e9tal.<\/li>\n<\/ul>\n<h3>Caract\u00e9ristiques techniques<\/h3>\n<ul>\n<li>Puissance absorb\u00e9e nominale 570 W<\/li>\n<li>Poids 1,7 kg<\/li>\n<li>R\u00e9gime \u00e0 vide, 1\u00e8re vitesse 0 \u2013 3,000 t\/min<\/li>\n<li>Puissance restitu\u00e9e 300 W<\/li>\n<li>Fr\u00e9quence de frappe \u00e0 vide 48,000 \u2013 cps\/min<\/li>\n<li>Couple nominal 1.4 Nm<\/li>\n<li>Plage de serrage du mandrin, min.\/max. 1.5 \u2013 13 mm<\/li>\n<\/ul>\n<h3>Plage de per\u00e7age<\/h3>\n<ul>\n<li>Diam\u00e8tre per\u00e7age bois 25 mm<\/li>\n<li>Diam\u00e8tre per\u00e7age b\u00e9ton 13 mm<\/li>\n<li>Diam\u00e8tre per\u00e7age acier 10 mm<\/li>\n<li>Diam\u00e8tre de per\u00e7age dans la brique, le calcaire 13 mm<\/li>\n<li>Diam\u00e8tre de per\u00e7age dans la ma\u00e7onnerie 13 mm<\/li>\n<\/ul>\n","protected":false},"excerpt":{"rendered":"<p>BOSCH Perseuse A Percussion GSB570 570W 13mm Qualit\u00e9 Bosch abordable : remplacez votre outil sans nom par un outil Bosch sans vous ruiner. Performance \u00e9lev\u00e9e : puissant moteur de 570 W permettant de percer avec facilit\u00e9 des trous de Diam\u00e8tre 10 mm dans l\u2019acier et Diam\u00e8tre 13 mm dans la ma\u00e7onnerie. Long\u00e9vit\u00e9 accrue : perceuse &hellip;<\/p>\n<p class=\"read-more\"> <a class=\"\" href=\"https:\/\/zdepot-dz.com\/?product=bosch-perseuse-a-percussion-gsb570-570w-13mm\"> <span class=\"screen-reader-text\">BOSCH Perseuse A Percussion GSB570 570W 13mm<\/span> Lire la suite\u00a0\u00bb<\/a><\/p>\n","protected":false},"featured_media":1321,"comment_status":"closed","ping_status":"closed","template":"","meta":{"site-sidebar-layout":"default","site-content-layout":"default","ast-global-header-display":"","ast-banner-title-visibility":"","ast-main-header-display":"","ast-hfb-above-header-display":"","ast-hfb-below-header-display":"","ast-hfb-mobile-header-display":"","site-post-title":"","ast-breadcrumbs-content":"","ast-featured-img":"","footer-sml-layout":"","theme-transparent-header-meta":"default","adv-header-id-meta":"","stick-header-meta":"","header-above-stick-meta":"","header-main-stick-meta":"","header-below-stick-meta":""},"product_cat":[53],"product_tag":[118,121,79],"jetpack_sharing_enabled":true,"_links":{"self":[{"href":"https:\/\/zdepot-dz.com\/index.php?rest_route=\/wp\/v2\/product\/1320"}],"collection":[{"href":"https:\/\/zdepot-dz.com\/index.php?rest_route=\/wp\/v2\/product"}],"about":[{"href":"https:\/\/zdepot-dz.com\/index.php?rest_route=\/wp\/v2\/types\/product"}],"replies":[{"embeddable":true,"href":"https:\/\/zdepot-dz.com\/index.php?rest_route=%2Fwp%2Fv2%2Fcomments&post=1320"}],"wp:featuredmedia":[{"embeddable":true,"href":"https:\/\/zdepot-dz.com\/index.php?rest_route=\/wp\/v2\/media\/1321"}],"wp:attachment":[{"href":"https:\/\/zdepot-dz.com\/index.php?rest_route=%2Fwp%2Fv2%2Fmedia&parent=1320"}],"wp:term":[{"taxonomy":"product_cat","embeddable":true,"href":"https:\/\/zdepot-dz.com\/index.php?rest_route=%2Fwp%2Fv2%2Fproduct_cat&post=1320"},{"taxonomy":"product_tag","embeddable":true,"href":"https:\/\/zdepot-dz.com\/index.php?rest_route=%2Fwp%2Fv2%2Fproduct_tag&post=1320"}],"curies":[{"name":"wp","href":"https:\/\/api.w.org\/{rel}","templated":true}]}}