{"id":1277,"date":"2022-12-03T12:31:05","date_gmt":"2022-12-03T11:31:05","guid":{"rendered":"https:\/\/zdepot-dz.com\/?post_type=product&#038;p=1277"},"modified":"2023-04-09T10:54:35","modified_gmt":"2023-04-09T09:54:35","slug":"scie-a-table-tronconneuse-a-bois-1800w-255mm-crown","status":"publish","type":"product","link":"https:\/\/zdepot-dz.com\/?product=scie-a-table-tronconneuse-a-bois-1800w-255mm-crown","title":{"rendered":"Scie a Table Tron\u00e7onneuse a Bois 1800W 255mm CROWN"},"content":{"rendered":"<h3>Scie a Table Tron\u00e7onneuse a Bois 1800W 255mm CROWN<\/h3>\n<p>Puissance nominale: 1800 W<br \/>\nAmp\u00e9rage \u00e0 la tension 230 V: 8,2 amp\u00e8res<br \/>\nVitesse \u00e0 vide: 5000 tr\/ min<br \/>\nDiam\u00e8tre de la lame de scie circulaire: 255 mm 255 mm<br \/>\nAl\u00e9sage Diam\u00e8tre de la lame de scie circulaire: 15,9 mm<br \/>\nMax. capacit\u00e9 de coupe \u00e0 90 \u00b0: 76 mm<br \/>\nMax. capacit\u00e9 de coupe \u00e0 45 \u00b0: 63 mm<\/p>\n","protected":false},"excerpt":{"rendered":"<p>Scie a Table Tron\u00e7onneuse a Bois 1800W 255mm CROWN Puissance nominale: 1800 W Amp\u00e9rage \u00e0 la tension 230 V: 8,2 amp\u00e8res Vitesse \u00e0 vide: 5000 tr\/ min Diam\u00e8tre de la lame de scie circulaire: 255 mm 255 mm Al\u00e9sage Diam\u00e8tre de la lame de scie circulaire: 15,9 mm Max. capacit\u00e9 de coupe \u00e0 90 \u00b0: &hellip;<\/p>\n<p class=\"read-more\"> <a class=\"\" href=\"https:\/\/zdepot-dz.com\/?product=scie-a-table-tronconneuse-a-bois-1800w-255mm-crown\"> <span class=\"screen-reader-text\">Scie a Table Tron\u00e7onneuse a Bois 1800W 255mm CROWN<\/span> Lire la suite\u00a0\u00bb<\/a><\/p>\n","protected":false},"featured_media":1278,"comment_status":"closed","ping_status":"closed","template":"","meta":{"site-sidebar-layout":"default","site-content-layout":"default","ast-global-header-display":"","ast-banner-title-visibility":"","ast-main-header-display":"","ast-hfb-above-header-display":"","ast-hfb-below-header-display":"","ast-hfb-mobile-header-display":"","site-post-title":"","ast-breadcrumbs-content":"","ast-featured-img":"","footer-sml-layout":"","theme-transparent-header-meta":"default","adv-header-id-meta":"","stick-header-meta":"","header-above-stick-meta":"","header-main-stick-meta":"","header-below-stick-meta":""},"product_cat":[59,53],"product_tag":[63,109,104,110],"jetpack_sharing_enabled":true,"_links":{"self":[{"href":"https:\/\/zdepot-dz.com\/index.php?rest_route=\/wp\/v2\/product\/1277"}],"collection":[{"href":"https:\/\/zdepot-dz.com\/index.php?rest_route=\/wp\/v2\/product"}],"about":[{"href":"https:\/\/zdepot-dz.com\/index.php?rest_route=\/wp\/v2\/types\/product"}],"replies":[{"embeddable":true,"href":"https:\/\/zdepot-dz.com\/index.php?rest_route=%2Fwp%2Fv2%2Fcomments&post=1277"}],"wp:featuredmedia":[{"embeddable":true,"href":"https:\/\/zdepot-dz.com\/index.php?rest_route=\/wp\/v2\/media\/1278"}],"wp:attachment":[{"href":"https:\/\/zdepot-dz.com\/index.php?rest_route=%2Fwp%2Fv2%2Fmedia&parent=1277"}],"wp:term":[{"taxonomy":"product_cat","embeddable":true,"href":"https:\/\/zdepot-dz.com\/index.php?rest_route=%2Fwp%2Fv2%2Fproduct_cat&post=1277"},{"taxonomy":"product_tag","embeddable":true,"href":"https:\/\/zdepot-dz.com\/index.php?rest_route=%2Fwp%2Fv2%2Fproduct_tag&post=1277"}],"curies":[{"name":"wp","href":"https:\/\/api.w.org\/{rel}","templated":true}]}}