{"id":1252,"date":"2022-12-03T09:17:32","date_gmt":"2022-12-03T08:17:32","guid":{"rendered":"https:\/\/zdepot-dz.com\/?post_type=product&#038;p=1252"},"modified":"2023-04-09T10:43:53","modified_gmt":"2023-04-09T09:43:53","slug":"tronconneuse-a-bois-a-chaine-electrique-1600w-crown","status":"publish","type":"product","link":"https:\/\/zdepot-dz.com\/?product=tronconneuse-a-bois-a-chaine-electrique-1600w-crown","title":{"rendered":"Tron\u00e7onneuse A Bois A Chaine \u00c9lectrique 1600w CROWN"},"content":{"rendered":"<h3>Tron\u00e7onneuse A Bois A Chaine \u00c9lectrique 1600w CROWN<\/h3>\n<p>Puissance: 1600 watts<\/p>\n<p>Longueur du rail 40 cm<\/p>\n<p>Vitesse de la cha\u00eene 13,5 M\/s<\/p>\n<p>Puissance du moteur 3,22 chevaux<\/p>\n<p>Vitesse de circulation libre 7200 tr \/ min<\/p>\n<p>Longueur de la cha\u00eene: 13,5 cm<\/p>\n<p>Longueur de coupe maximale: 385 mm<\/p>\n<p>Longueur de la lame: 40 cm<\/p>\n<p>Capacit\u00e9 du r\u00e9servoir d\u2019huile: 150 ml<\/p>\n<p>A une poign\u00e9e et un design ergonomique pour une facilit\u00e9 d\u2019utilisation<\/p>\n","protected":false},"excerpt":{"rendered":"<p>Tron\u00e7onneuse A Bois A Chaine \u00c9lectrique 1600w CROWN Puissance: 1600 watts Longueur du rail 40 cm Vitesse de la cha\u00eene 13,5 M\/s Puissance du moteur 3,22 chevaux Vitesse de circulation libre 7200 tr \/ min Longueur de la cha\u00eene: 13,5 cm Longueur de coupe maximale: 385 mm Longueur de la lame: 40 cm Capacit\u00e9 du &hellip;<\/p>\n<p class=\"read-more\"> <a class=\"\" href=\"https:\/\/zdepot-dz.com\/?product=tronconneuse-a-bois-a-chaine-electrique-1600w-crown\"> <span class=\"screen-reader-text\">Tron\u00e7onneuse A Bois A Chaine \u00c9lectrique 1600w CROWN<\/span> Lire la suite\u00a0\u00bb<\/a><\/p>\n","protected":false},"featured_media":1253,"comment_status":"closed","ping_status":"closed","template":"","meta":{"site-sidebar-layout":"default","site-content-layout":"default","ast-global-header-display":"","ast-banner-title-visibility":"","ast-main-header-display":"","ast-hfb-above-header-display":"","ast-hfb-below-header-display":"","ast-hfb-mobile-header-display":"","site-post-title":"","ast-breadcrumbs-content":"","ast-featured-img":"","footer-sml-layout":"","theme-transparent-header-meta":"default","adv-header-id-meta":"","stick-header-meta":"","header-above-stick-meta":"","header-main-stick-meta":"","header-below-stick-meta":""},"product_cat":[53],"product_tag":[63,104],"jetpack_sharing_enabled":true,"_links":{"self":[{"href":"https:\/\/zdepot-dz.com\/index.php?rest_route=\/wp\/v2\/product\/1252"}],"collection":[{"href":"https:\/\/zdepot-dz.com\/index.php?rest_route=\/wp\/v2\/product"}],"about":[{"href":"https:\/\/zdepot-dz.com\/index.php?rest_route=\/wp\/v2\/types\/product"}],"replies":[{"embeddable":true,"href":"https:\/\/zdepot-dz.com\/index.php?rest_route=%2Fwp%2Fv2%2Fcomments&post=1252"}],"wp:featuredmedia":[{"embeddable":true,"href":"https:\/\/zdepot-dz.com\/index.php?rest_route=\/wp\/v2\/media\/1253"}],"wp:attachment":[{"href":"https:\/\/zdepot-dz.com\/index.php?rest_route=%2Fwp%2Fv2%2Fmedia&parent=1252"}],"wp:term":[{"taxonomy":"product_cat","embeddable":true,"href":"https:\/\/zdepot-dz.com\/index.php?rest_route=%2Fwp%2Fv2%2Fproduct_cat&post=1252"},{"taxonomy":"product_tag","embeddable":true,"href":"https:\/\/zdepot-dz.com\/index.php?rest_route=%2Fwp%2Fv2%2Fproduct_tag&post=1252"}],"curies":[{"name":"wp","href":"https:\/\/api.w.org\/{rel}","templated":true}]}}