{"id":1245,"date":"2022-12-03T08:42:07","date_gmt":"2022-12-03T07:42:07","guid":{"rendered":"https:\/\/zdepot-dz.com\/?post_type=product&#038;p=1245"},"modified":"2023-04-09T10:44:25","modified_gmt":"2023-04-09T09:44:25","slug":"touret-de-meule-crown","status":"publish","type":"product","link":"https:\/\/zdepot-dz.com\/?product=touret-de-meule-crown","title":{"rendered":"Touret De Meule Crown"},"content":{"rendered":"<h3>Touret De Meule Crown<\/h3>\n<p>La touret \u00e0 meuler CROWN CT13331 \u00e0 deux pierres est largement utilis\u00e9e dans les travaux tels que l\u2019aff\u00fbtage des couteaux<\/p>\n<h4>Caract\u00e9ristiques<\/h4>\n<p>Utilis\u00e9e dans l\u2019industrie m\u00e9canique<\/p>\n<p>Le traitement du bois<\/p>\n<p>La r\u00e9paration d\u2019outils<\/p>\n<p>Compact, facile \u00e0 placer sur une surface plane sans en prendre trop beaucoup d\u2019espace.<\/p>\n","protected":false},"excerpt":{"rendered":"<p>Touret De Meule Crown La touret \u00e0 meuler CROWN CT13331 \u00e0 deux pierres est largement utilis\u00e9e dans les travaux tels que l\u2019aff\u00fbtage des couteaux Caract\u00e9ristiques Utilis\u00e9e dans l\u2019industrie m\u00e9canique Le traitement du bois La r\u00e9paration d\u2019outils Compact, facile \u00e0 placer sur une surface plane sans en prendre trop beaucoup d\u2019espace.<\/p>\n","protected":false},"featured_media":1248,"comment_status":"closed","ping_status":"closed","template":"","meta":{"site-sidebar-layout":"default","site-content-layout":"default","ast-global-header-display":"","ast-banner-title-visibility":"","ast-main-header-display":"","ast-hfb-above-header-display":"","ast-hfb-below-header-display":"","ast-hfb-mobile-header-display":"","site-post-title":"","ast-breadcrumbs-content":"","ast-featured-img":"","footer-sml-layout":"","theme-transparent-header-meta":"default","adv-header-id-meta":"","stick-header-meta":"","header-above-stick-meta":"","header-main-stick-meta":"","header-below-stick-meta":""},"product_cat":[53],"product_tag":[63,102],"jetpack_sharing_enabled":true,"_links":{"self":[{"href":"https:\/\/zdepot-dz.com\/index.php?rest_route=\/wp\/v2\/product\/1245"}],"collection":[{"href":"https:\/\/zdepot-dz.com\/index.php?rest_route=\/wp\/v2\/product"}],"about":[{"href":"https:\/\/zdepot-dz.com\/index.php?rest_route=\/wp\/v2\/types\/product"}],"replies":[{"embeddable":true,"href":"https:\/\/zdepot-dz.com\/index.php?rest_route=%2Fwp%2Fv2%2Fcomments&post=1245"}],"wp:featuredmedia":[{"embeddable":true,"href":"https:\/\/zdepot-dz.com\/index.php?rest_route=\/wp\/v2\/media\/1248"}],"wp:attachment":[{"href":"https:\/\/zdepot-dz.com\/index.php?rest_route=%2Fwp%2Fv2%2Fmedia&parent=1245"}],"wp:term":[{"taxonomy":"product_cat","embeddable":true,"href":"https:\/\/zdepot-dz.com\/index.php?rest_route=%2Fwp%2Fv2%2Fproduct_cat&post=1245"},{"taxonomy":"product_tag","embeddable":true,"href":"https:\/\/zdepot-dz.com\/index.php?rest_route=%2Fwp%2Fv2%2Fproduct_tag&post=1245"}],"curies":[{"name":"wp","href":"https:\/\/api.w.org\/{rel}","templated":true}]}}