{"id":1210,"date":"2022-12-02T12:19:00","date_gmt":"2022-12-02T11:19:00","guid":{"rendered":"https:\/\/zdepot-dz.com\/?post_type=product&#038;p=1210"},"modified":"2023-04-09T10:47:05","modified_gmt":"2023-04-09T09:47:05","slug":"scie-circulaire-marbre-crown-1200w-110mm","status":"publish","type":"product","link":"https:\/\/zdepot-dz.com\/?product=scie-circulaire-marbre-crown-1200w-110mm","title":{"rendered":"Scie Circulaire Marbre Crown 1200W 110mm"},"content":{"rendered":"<h3>Scie Circulaire Marbre Crown 1200W 110mm<\/h3>\n<p>Scie <b>circulaire<\/b> portative \u00e0 usage intensif avec puissant moteur 1 200 W, pour <b>couper <\/b>les mat\u00e9riaux min\u00e9raux tels que le marbre, le granit, la pierre naturelle et la c\u00e9ramique. Coupes <b>refroidies <\/b>\u00e0 l&rsquo;eau avec arriv\u00e9e d&rsquo;eau, soupape de refroidissement et <b>raccord<\/b> pour tuyau d&rsquo;eau. Plaque de <b>base <\/b>en m\u00e9tal r\u00e9sistant et anticorrosion. \u00a0<b>Profondeur <\/b>de coupe max de 34 mm. Comprend un raccord pour tuyau d&rsquo;eau.<\/p>\n<p>Puissance Nominale: 1200 W<\/p>\n<p>Tension : 220-230 V 50\/60Hz<\/p>\n<p>Diam\u00e8tre Ext\u00e9rieur Du Disque: 110 mm<\/p>\n<p>Capacit\u00e9 De Coupe 34 mm<\/p>\n","protected":false},"excerpt":{"rendered":"<p>Scie Circulaire Marbre Crown 1200W 110mm Scie circulaire portative \u00e0 usage intensif avec puissant moteur 1 200 W, pour couper les mat\u00e9riaux min\u00e9raux tels que le marbre, le granit, la pierre naturelle et la c\u00e9ramique. Coupes refroidies \u00e0 l&rsquo;eau avec arriv\u00e9e d&rsquo;eau, soupape de refroidissement et raccord pour tuyau d&rsquo;eau. Plaque de base en m\u00e9tal &hellip;<\/p>\n<p class=\"read-more\"> <a class=\"\" href=\"https:\/\/zdepot-dz.com\/?product=scie-circulaire-marbre-crown-1200w-110mm\"> <span class=\"screen-reader-text\">Scie Circulaire Marbre Crown 1200W 110mm<\/span> Lire la suite\u00a0\u00bb<\/a><\/p>\n","protected":false},"featured_media":1211,"comment_status":"closed","ping_status":"closed","template":"","meta":{"site-sidebar-layout":"default","site-content-layout":"default","ast-global-header-display":"","ast-banner-title-visibility":"","ast-main-header-display":"","ast-hfb-above-header-display":"","ast-hfb-below-header-display":"","ast-hfb-mobile-header-display":"","site-post-title":"","ast-breadcrumbs-content":"","ast-featured-img":"","footer-sml-layout":"","theme-transparent-header-meta":"default","adv-header-id-meta":"","stick-header-meta":"","header-above-stick-meta":"","header-main-stick-meta":"","header-below-stick-meta":""},"product_cat":[53],"product_tag":[63,93,94],"jetpack_sharing_enabled":true,"_links":{"self":[{"href":"https:\/\/zdepot-dz.com\/index.php?rest_route=\/wp\/v2\/product\/1210"}],"collection":[{"href":"https:\/\/zdepot-dz.com\/index.php?rest_route=\/wp\/v2\/product"}],"about":[{"href":"https:\/\/zdepot-dz.com\/index.php?rest_route=\/wp\/v2\/types\/product"}],"replies":[{"embeddable":true,"href":"https:\/\/zdepot-dz.com\/index.php?rest_route=%2Fwp%2Fv2%2Fcomments&post=1210"}],"wp:featuredmedia":[{"embeddable":true,"href":"https:\/\/zdepot-dz.com\/index.php?rest_route=\/wp\/v2\/media\/1211"}],"wp:attachment":[{"href":"https:\/\/zdepot-dz.com\/index.php?rest_route=%2Fwp%2Fv2%2Fmedia&parent=1210"}],"wp:term":[{"taxonomy":"product_cat","embeddable":true,"href":"https:\/\/zdepot-dz.com\/index.php?rest_route=%2Fwp%2Fv2%2Fproduct_cat&post=1210"},{"taxonomy":"product_tag","embeddable":true,"href":"https:\/\/zdepot-dz.com\/index.php?rest_route=%2Fwp%2Fv2%2Fproduct_tag&post=1210"}],"curies":[{"name":"wp","href":"https:\/\/api.w.org\/{rel}","templated":true}]}}