{"id":1180,"date":"2022-12-02T09:47:24","date_gmt":"2022-12-02T08:47:24","guid":{"rendered":"https:\/\/zdepot-dz.com\/?post_type=product&#038;p=1180"},"modified":"2023-04-09T10:49:04","modified_gmt":"2023-04-09T09:49:04","slug":"ponceuse-vibrante-crown","status":"publish","type":"product","link":"https:\/\/zdepot-dz.com\/?product=ponceuse-vibrante-crown","title":{"rendered":"Ponceuse Vibrante Crown"},"content":{"rendered":"<h3>Ponceuse Vibrante Crown<\/h3>\n<p>Elle r\u00e9pond parfaitement \u00e0 tous mes besoins de menuiserie\u00a0\u00bb \u00ab\u00a0Au top sur toutes les surfaces, la r\u00e9duction de vibrations me permet d&rsquo;accomplir de long travaux sans fatiguer\u00a0Extr\u00eamement l\u00e9ger et compact pour une adh\u00e9rence parfaite et une action d\u00e9licieuse Le mouvement non central permet d&rsquo;\u00e9liminer le pon\u00e7age en douceur avec d&rsquo;excellents r\u00e9sultats m\u00eame pour le polissage Gr\u00e2ce au syst\u00e8me de microfiltration crown, le syst\u00e8me d&rsquo;aspiration int\u00e9gr\u00e9 attire la poussi\u00e8re directement dans la petite raffinerie fournie.<\/p>\n","protected":false},"excerpt":{"rendered":"<p>Ponceuse Vibrante Crown Elle r\u00e9pond parfaitement \u00e0 tous mes besoins de menuiserie\u00a0\u00bb \u00ab\u00a0Au top sur toutes les surfaces, la r\u00e9duction de vibrations me permet d&rsquo;accomplir de long travaux sans fatiguer\u00a0Extr\u00eamement l\u00e9ger et compact pour une adh\u00e9rence parfaite et une action d\u00e9licieuse Le mouvement non central permet d&rsquo;\u00e9liminer le pon\u00e7age en douceur avec d&rsquo;excellents r\u00e9sultats m\u00eame &hellip;<\/p>\n<p class=\"read-more\"> <a class=\"\" href=\"https:\/\/zdepot-dz.com\/?product=ponceuse-vibrante-crown\"> <span class=\"screen-reader-text\">Ponceuse Vibrante Crown<\/span> Lire la suite\u00a0\u00bb<\/a><\/p>\n","protected":false},"featured_media":1185,"comment_status":"closed","ping_status":"closed","template":"","meta":{"site-sidebar-layout":"default","site-content-layout":"default","ast-global-header-display":"","ast-banner-title-visibility":"","ast-main-header-display":"","ast-hfb-above-header-display":"","ast-hfb-below-header-display":"","ast-hfb-mobile-header-display":"","site-post-title":"","ast-breadcrumbs-content":"","ast-featured-img":"","footer-sml-layout":"","theme-transparent-header-meta":"default","adv-header-id-meta":"","stick-header-meta":"","header-above-stick-meta":"","header-main-stick-meta":"","header-below-stick-meta":""},"product_cat":[59,53],"product_tag":[63,85,86],"jetpack_sharing_enabled":true,"_links":{"self":[{"href":"https:\/\/zdepot-dz.com\/index.php?rest_route=\/wp\/v2\/product\/1180"}],"collection":[{"href":"https:\/\/zdepot-dz.com\/index.php?rest_route=\/wp\/v2\/product"}],"about":[{"href":"https:\/\/zdepot-dz.com\/index.php?rest_route=\/wp\/v2\/types\/product"}],"replies":[{"embeddable":true,"href":"https:\/\/zdepot-dz.com\/index.php?rest_route=%2Fwp%2Fv2%2Fcomments&post=1180"}],"wp:featuredmedia":[{"embeddable":true,"href":"https:\/\/zdepot-dz.com\/index.php?rest_route=\/wp\/v2\/media\/1185"}],"wp:attachment":[{"href":"https:\/\/zdepot-dz.com\/index.php?rest_route=%2Fwp%2Fv2%2Fmedia&parent=1180"}],"wp:term":[{"taxonomy":"product_cat","embeddable":true,"href":"https:\/\/zdepot-dz.com\/index.php?rest_route=%2Fwp%2Fv2%2Fproduct_cat&post=1180"},{"taxonomy":"product_tag","embeddable":true,"href":"https:\/\/zdepot-dz.com\/index.php?rest_route=%2Fwp%2Fv2%2Fproduct_tag&post=1180"}],"curies":[{"name":"wp","href":"https:\/\/api.w.org\/{rel}","templated":true}]}}