{"id":1144,"date":"2022-11-27T13:43:53","date_gmt":"2022-11-27T12:43:53","guid":{"rendered":"https:\/\/zdepot-dz.com\/?post_type=product&#038;p=1144"},"modified":"2023-04-09T10:34:04","modified_gmt":"2023-04-09T09:34:04","slug":"perche-telescopique-pour-niveau-laser-4-metre-crown","status":"publish","type":"product","link":"https:\/\/zdepot-dz.com\/?product=perche-telescopique-pour-niveau-laser-4-metre-crown","title":{"rendered":"Perche T\u00e9lescopique Pour Niveau Laser 4 M\u00e8tre CROWN"},"content":{"rendered":"<h3>Perche T\u00e9lescopique Pour Niveau Laser 4 M\u00e8tre CROWN<\/h3>\n<p>Max. la taille 4 m<br \/>\nDiam\u00e8tre du tuyau 34 millim\u00e8tre<br \/>\nPoids 1,7 kg<\/p>\n","protected":false},"excerpt":{"rendered":"<p>Perche T\u00e9lescopique Pour Niveau Laser 4 M\u00e8tre CROWN Max. la taille 4 m Diam\u00e8tre du tuyau 34 millim\u00e8tre Poids 1,7 kg<\/p>\n","protected":false},"featured_media":1145,"comment_status":"closed","ping_status":"closed","template":"","meta":{"site-sidebar-layout":"default","site-content-layout":"default","ast-global-header-display":"","ast-banner-title-visibility":"","ast-main-header-display":"","ast-hfb-above-header-display":"","ast-hfb-below-header-display":"","ast-hfb-mobile-header-display":"","site-post-title":"","ast-breadcrumbs-content":"","ast-featured-img":"","footer-sml-layout":"","theme-transparent-header-meta":"default","adv-header-id-meta":"","stick-header-meta":"","header-above-stick-meta":"","header-main-stick-meta":"","header-below-stick-meta":""},"product_cat":[53],"product_tag":[63,77,78,80],"jetpack_sharing_enabled":true,"_links":{"self":[{"href":"https:\/\/zdepot-dz.com\/index.php?rest_route=\/wp\/v2\/product\/1144"}],"collection":[{"href":"https:\/\/zdepot-dz.com\/index.php?rest_route=\/wp\/v2\/product"}],"about":[{"href":"https:\/\/zdepot-dz.com\/index.php?rest_route=\/wp\/v2\/types\/product"}],"replies":[{"embeddable":true,"href":"https:\/\/zdepot-dz.com\/index.php?rest_route=%2Fwp%2Fv2%2Fcomments&post=1144"}],"wp:featuredmedia":[{"embeddable":true,"href":"https:\/\/zdepot-dz.com\/index.php?rest_route=\/wp\/v2\/media\/1145"}],"wp:attachment":[{"href":"https:\/\/zdepot-dz.com\/index.php?rest_route=%2Fwp%2Fv2%2Fmedia&parent=1144"}],"wp:term":[{"taxonomy":"product_cat","embeddable":true,"href":"https:\/\/zdepot-dz.com\/index.php?rest_route=%2Fwp%2Fv2%2Fproduct_cat&post=1144"},{"taxonomy":"product_tag","embeddable":true,"href":"https:\/\/zdepot-dz.com\/index.php?rest_route=%2Fwp%2Fv2%2Fproduct_tag&post=1144"}],"curies":[{"name":"wp","href":"https:\/\/api.w.org\/{rel}","templated":true}]}}