{"id":1135,"date":"2022-11-27T12:08:33","date_gmt":"2022-11-27T11:08:33","guid":{"rendered":"https:\/\/zdepot-dz.com\/?post_type=product&#038;p=1135"},"modified":"2023-04-09T10:27:55","modified_gmt":"2023-04-09T09:27:55","slug":"nettoyeur-crown-20v-ct63002hx","status":"publish","type":"product","link":"https:\/\/zdepot-dz.com\/?product=nettoyeur-crown-20v-ct63002hx","title":{"rendered":"Nettoyeur Crown 20V CT63002HX"},"content":{"rendered":"<h3>Nettoyeur Crown 20V CT63002HX<\/h3>\n<p>Le NETTOYEUR Sans FIL 20V CROWN s&rsquo;alimente par une batterie Li-ion 20 V (non incluse).<\/p>\n<p>Les outils de la famille SOLO du Crown compatible avec m\u00eame batterie et chargeur, c\u2019est pour \u00e7a vous avez le l\u2019option d\u2019acheter la batterie et chargeur seule.<\/p>\n<p>La pression d\u2019alimentation maximale 0,5 MPa, d\u00e9bit de 170 l\/min.<\/p>\n<p>L\u00e9ger pour un transport et une utilisation faciles, avec un design \u00e9l\u00e9gant et ergonomique pour une utilisation optimale.<\/p>\n<p>Le Nettoyeur haute pression sans fil,<\/p>\n<h5>\u00a0Caract\u00e9ristiques techniques :<\/h5>\n<p>Type de batterie Lithium-ion<\/p>\n<p>Compatible avec batterie 2AH et 4AH.<\/p>\n<p>Tension nominale 20 V .<\/p>\n<p>Piles compatibles : CAB208016XE, CAB208016XE CB, CAB205014XE, CAB204015XE, CAB204015XE CB, CAB204014XE, CAB204014XE CB, CAB202013XE, CAB202013XE CB<\/p>\n<p>Max pression d\u2019alimentation 0,5 MPa Min. d\u00e9bit &lt;170 l\/h<\/p>\n<p>Pression nominale 1,9 \u2013 2,4 MPa<br \/>\nD\u00e9bit 160 \u2013 170 l\/h<\/p>\n","protected":false},"excerpt":{"rendered":"<p>Nettoyeur Crown 20V CT63002HX Le NETTOYEUR Sans FIL 20V CROWN s&rsquo;alimente par une batterie Li-ion 20 V (non incluse). Les outils de la famille SOLO du Crown compatible avec m\u00eame batterie et chargeur, c\u2019est pour \u00e7a vous avez le l\u2019option d\u2019acheter la batterie et chargeur seule. La pression d\u2019alimentation maximale 0,5 MPa, d\u00e9bit de 170 &hellip;<\/p>\n<p class=\"read-more\"> <a class=\"\" href=\"https:\/\/zdepot-dz.com\/?product=nettoyeur-crown-20v-ct63002hx\"> <span class=\"screen-reader-text\">Nettoyeur Crown 20V CT63002HX<\/span> Lire la suite\u00a0\u00bb<\/a><\/p>\n","protected":false},"featured_media":1136,"comment_status":"closed","ping_status":"closed","template":"","meta":{"site-sidebar-layout":"default","site-content-layout":"default","ast-global-header-display":"","ast-banner-title-visibility":"","ast-main-header-display":"","ast-hfb-above-header-display":"","ast-hfb-below-header-display":"","ast-hfb-mobile-header-display":"","site-post-title":"","ast-breadcrumbs-content":"","ast-featured-img":"","footer-sml-layout":"","theme-transparent-header-meta":"default","adv-header-id-meta":"","stick-header-meta":"","header-above-stick-meta":"","header-main-stick-meta":"","header-below-stick-meta":""},"product_cat":[53],"product_tag":[63,36],"jetpack_sharing_enabled":true,"_links":{"self":[{"href":"https:\/\/zdepot-dz.com\/index.php?rest_route=\/wp\/v2\/product\/1135"}],"collection":[{"href":"https:\/\/zdepot-dz.com\/index.php?rest_route=\/wp\/v2\/product"}],"about":[{"href":"https:\/\/zdepot-dz.com\/index.php?rest_route=\/wp\/v2\/types\/product"}],"replies":[{"embeddable":true,"href":"https:\/\/zdepot-dz.com\/index.php?rest_route=%2Fwp%2Fv2%2Fcomments&post=1135"}],"wp:featuredmedia":[{"embeddable":true,"href":"https:\/\/zdepot-dz.com\/index.php?rest_route=\/wp\/v2\/media\/1136"}],"wp:attachment":[{"href":"https:\/\/zdepot-dz.com\/index.php?rest_route=%2Fwp%2Fv2%2Fmedia&parent=1135"}],"wp:term":[{"taxonomy":"product_cat","embeddable":true,"href":"https:\/\/zdepot-dz.com\/index.php?rest_route=%2Fwp%2Fv2%2Fproduct_cat&post=1135"},{"taxonomy":"product_tag","embeddable":true,"href":"https:\/\/zdepot-dz.com\/index.php?rest_route=%2Fwp%2Fv2%2Fproduct_tag&post=1135"}],"curies":[{"name":"wp","href":"https:\/\/api.w.org\/{rel}","templated":true}]}}