{"id":1130,"date":"2022-11-27T11:28:13","date_gmt":"2022-11-27T10:28:13","guid":{"rendered":"https:\/\/zdepot-dz.com\/?post_type=product&#038;p=1130"},"modified":"2023-04-09T10:16:43","modified_gmt":"2023-04-09T09:16:43","slug":"niveau-laser-crown","status":"publish","type":"product","link":"https:\/\/zdepot-dz.com\/?product=niveau-laser-crown","title":{"rendered":"Niveau Laser Crown"},"content":{"rendered":"<h3>Niveau Laser Crown<\/h3>\n<p>En topographie et en construction, le niveau laser est un outil de contr\u00f4le constitu\u00e9 d&rsquo;un projecteur de faisceau laser rotatif pouvant \u00eatre fix\u00e9 sur un tr\u00e9pied. L&rsquo;outil est mis \u00e0 niveau selon la pr\u00e9cision de l&rsquo;appareil et projette un faisceau rouge ou vert fixe dans un plan autour de l&rsquo;axe horizontal et\/ou vertical.<\/p>\n","protected":false},"excerpt":{"rendered":"<p>Niveau Laser Crown En topographie et en construction, le niveau laser est un outil de contr\u00f4le constitu\u00e9 d&rsquo;un projecteur de faisceau laser rotatif pouvant \u00eatre fix\u00e9 sur un tr\u00e9pied. L&rsquo;outil est mis \u00e0 niveau selon la pr\u00e9cision de l&rsquo;appareil et projette un faisceau rouge ou vert fixe dans un plan autour de l&rsquo;axe horizontal et\/ou &hellip;<\/p>\n<p class=\"read-more\"> <a class=\"\" href=\"https:\/\/zdepot-dz.com\/?product=niveau-laser-crown\"> <span class=\"screen-reader-text\">Niveau Laser Crown<\/span> Lire la suite\u00a0\u00bb<\/a><\/p>\n","protected":false},"featured_media":1132,"comment_status":"closed","ping_status":"closed","template":"","meta":{"site-sidebar-layout":"default","site-content-layout":"default","ast-global-header-display":"","ast-banner-title-visibility":"","ast-main-header-display":"","ast-hfb-above-header-display":"","ast-hfb-below-header-display":"","ast-hfb-mobile-header-display":"","site-post-title":"","ast-breadcrumbs-content":"","ast-featured-img":"","footer-sml-layout":"","theme-transparent-header-meta":"default","adv-header-id-meta":"","stick-header-meta":"","header-above-stick-meta":"","header-main-stick-meta":"","header-below-stick-meta":""},"product_cat":[53],"product_tag":[63,77,78],"jetpack_sharing_enabled":true,"_links":{"self":[{"href":"https:\/\/zdepot-dz.com\/index.php?rest_route=\/wp\/v2\/product\/1130"}],"collection":[{"href":"https:\/\/zdepot-dz.com\/index.php?rest_route=\/wp\/v2\/product"}],"about":[{"href":"https:\/\/zdepot-dz.com\/index.php?rest_route=\/wp\/v2\/types\/product"}],"replies":[{"embeddable":true,"href":"https:\/\/zdepot-dz.com\/index.php?rest_route=%2Fwp%2Fv2%2Fcomments&post=1130"}],"wp:featuredmedia":[{"embeddable":true,"href":"https:\/\/zdepot-dz.com\/index.php?rest_route=\/wp\/v2\/media\/1132"}],"wp:attachment":[{"href":"https:\/\/zdepot-dz.com\/index.php?rest_route=%2Fwp%2Fv2%2Fmedia&parent=1130"}],"wp:term":[{"taxonomy":"product_cat","embeddable":true,"href":"https:\/\/zdepot-dz.com\/index.php?rest_route=%2Fwp%2Fv2%2Fproduct_cat&post=1130"},{"taxonomy":"product_tag","embeddable":true,"href":"https:\/\/zdepot-dz.com\/index.php?rest_route=%2Fwp%2Fv2%2Fproduct_tag&post=1130"}],"curies":[{"name":"wp","href":"https:\/\/api.w.org\/{rel}","templated":true}]}}